hundreds digit of 4156?
1
What is the units digit of 14489?
9
What is the units digit of 4310?
0
What is the units digit of 42648?
8
What is the units digit of 1736?
6
What is the ten thousands digit of 11490?
1
What is the units digit of 35382?
2
What is the tens digit of 16172?
7
What is the units digit of 2024?
4
What is the thousands digit of 36425?
6
What is the thousands digit of 33809?
3
What is the units digit of 80117?
7
What is the hundreds digit of 8975?
9
What is the units digit of 226?
6
What is the hundreds digit of 2866?
8
What is the hundreds digit of 85384?
3
What is the ten thousands digit of 44056?
4
What is the hundreds digit of 4107?
1
What is the units digit of 1318?
8
What is the units digit of 1140?
0
What is the hundreds digit of 1442?
4
What is the ten thousands digit of 33682?
3
What is the hundreds digit of 149?
1
What is the hundreds digit of 44679?
6
What is the hundreds digit of 1282?
2
What is the thousands digit of 29047?
9
What is the units digit of 1123?
3
What is the tens digit of 19677?
7
What is the units digit of 74553?
3
What is the units digit of 6936?
6
What is the tens digit of 23767?
6
What is the ten thousands digit of 18954?
1
What is the tens digit of 13033?
3
What is the thousands digit of 43998?
3
What is the tens digit of 3374?
7
What is the thousands digit of 3688?
3
What is the units digit of 13586?
6
What is the tens digit of 5594?
9
What is the hundreds digit of 24703?
7
What is the hundreds digit of 132421?
4
What is the hundreds digit of 4624?
6
What is the ten thousands digit of 10103?
1
What is the hundreds digit of 6098?
0
What is the hundreds digit of 2295?
2
What is the hundreds digit of 45292?
2
What is the hundreds digit of 133?
1
What is the hundreds digit of 6779?
7
What is the hundreds digit of 9750?
7
What is the hundreds digit of 133596?
5
What is the tens digit of 300?
0
What is the ten thousands digit of 47052?
4
What is the units digit of 12865?
5
What is the units digit of 5507?
7
What is the tens digit of 29893?
9
What is the tens digit of 3794?
9
What is the units digit of 388?
8
What is the tens digit of 2028?
2
What is the hundreds digit of 139?
1
What is the tens digit of 19806?
0
What is the tens digit of 1813?
1
What is the hundreds digit of 6312?
3
What is the hundreds digit of 6077?
0
What is the tens digit of 1903?
0
What is the tens digit of 841?
4
What is the ten thousands digit of 17296?
1
What is the thousands digit of 5725?
5
What is the units digit of 4084?
4
What is the hundreds digit of 1409?
4
What is the units digit of 10470?
0
What is the hundreds digit of 5568?
5
What is the units digit of 510?
0
What is the units digit of 472?
2
What is the units digit of 2454?
4
What is the tens digit of 136867?
6
What is the tens digit of 43676?
7
What is the units digit of 1496?
6
What is the thousands digit of 16478?
6
What is the units digit of 101461?
1
What is the ten thousands digit of 11068?
1
What is the units digit of 2905?
5
What is the ten thousands digit of 24869?
2
What is the thousands digit of 7338?
7
What is the tens digit of 205?
0
What is the units digit of 2064?
4
What is the units digit of 7292?
2
What is the thousands digit of 10846?
0
What is the hundreds digit of 2691?
6
What is the hundreds digit of 413?
4
What is the units digit of 12926?
6
What is the units digit of 37376?
6
What is the tens digit of 1349?
4
What is the units digit of 1033?
3
What is the hundreds digit of 8145?
1
What is the tens digit of 2502?
0
What is the hundreds digit of 8684?
6
What is the units digit of 2598?
8
What is the tens digit of 1365?
6
What is the units digit of 54175?
5
What is the hundreds digit of 747?
7
What is the hundreds digit of 1682?
6
What is the thousands digit of 1503?
1
What is the thousands digit of 3502?
3
What is the hundreds digit of 9594?
5
What is the units digit of 4886?
6
What is the hundreds digit of 135871?
8
What is the thousands digit of 6049?
6
What is the tens digit of 14913?
1
What is the hundreds digit of 104?
1
What is the tens digit of 1132?
3
What is the thousands digit of 28648?
8
What is the tens digit of 17793?
9
What is the tens digit of 464?
6
What is the tens digit of 960?
6
What is the thousands digit of 56926?
6
What is the thousands digit of 5437?
5
What is the hundreds digit of 22953?
9
What is the tens digit of 1043?
4
What is the units digit of 1901?
1
What is the units digit of 2496?
6
What is the tens digit of 39390?
9
What is the tens digit of 1311?
1
What is the thousands digit of 121130?
1
What is the units digit of 4570?
0
What is the thousands digit of 15294?
5
What is the hundreds digit of 43900?
9
What is the units digit of 7629?
9
What is the hundreds digit of 3318?
3
What is the tens digit of 87532?
3
What is the hundreds digit of 2359?
3
What is the hundreds digit of 3204?
2
What is the hundreds digit of 86425?
4
What is the ten thousands digit of 69044?
6
What is the tens digit of 5752?
5
What is the tens digit of 2301?
0
What is the units digit of 31113?
3
What is the hundreds digit of 2463?
4
What is the thousands digit of 1010?
1
What is the tens digit of 4677?
7
What is the ten thousands digit of 26287?
2
What is the tens digit of 295?
9
What is the tens digit of 3915?
1
What is the thousands digit of 4692?
4
What is the hundreds digit of 1751?
7
What is the thousands digit of 8683?
8
What is the units digit of 1324?
4
What is the tens digit of 17309?
0
What is the thousands digit of 55207?
5
What is the ten thousands digit of 126540?
2
What is the thousands digit of 25251?
5
What is the units digit of 7220?
0
What is the units digit of 1909?
9
What is the tens digit of 62433?
3
What is the units digit of 2404?
4
What is the thousands digit of 1400?
1
What is the ten thousands digit of 14328?
1
What is the hundreds digit of 8681?
6
What is the hundreds digit of 1043?
0
What is the thousands digit of 55943?
5
What is the ten thousands digit of 11885?
1
What is the hundreds digit of 4883?
8
What is the tens digit of 110318?
1
What is the thousands digit of 12825?
2
What is the hundreds digit of 6148?
1
What is the hundreds digit of 2596?
5
What is the tens digit of 646?
4
What is the units digit of 1895?
5
What is the thousands digit of 8576?
8
What is the tens digit of 159?
5
What is the hundreds digit of 1991?
9
What is the units digit of 808?
8
What is the hundreds digit of 8366?
3
What is the hundreds digit of 5041?
0
What is the tens digit of 2438?
3
What is the units digit of 2278?
8
What is the tens digit of 121?
2
What is the tens digit of 36514?
1
What is the hundreds digit of 200?
2
What is the hundreds digit of 3623?
6
What is the ten thousands digit of 80287?
8
What is the units digit of 70?
0
What is the thousands digit of 18256?
8
What is the thousands digit of 1097?
1
What is the ten thousands digit of 30516?
3
What is the thousands digit of 1410?
1
What is the units digit of 122009?
9
What is the hundreds digit of 752?
7
What is the tens digit of 841?
4
What is the hundreds digit of 46117?
1
What is the units digit of 425?
5
What is the tens digit of 118967?
6
What is the thousands digit of 34471?
4
What is the units digit of 9811?
1
What is the ten thousands digit of 14564?
1
What is the tens digit of 4566?
6
What is the tens digit of 2340?
4
What is the hundreds digit of 1810?
8
What is the tens digit of 1606?
0
What is the hundreds digit of 826?
8
What is the units digit of 8417?
7
What is the tens digit of 1694?
9
What is the hundreds digit of 19601?
6
What is the tens digit of 114551?
5
What is the ten thousands digit of 23667?
2
What is the hundreds digit of 15113?
1
What is the units digit of 2354?
4
What is the units digit of 13131?
1
What is the tens digit of 26718?
1
What is the units digit of 8129?
9
What is the ten thousands digit of 12846?
1
What is the tens digit of 8601?
0
What is the hundreds digit of 12955?
9
What is the hundreds digit of 1878?
8
What is the hundreds digit of 2545?
5
What is the units digit of 190?
0
What is the units digit of 1393?
3
What is the thousands digit of 4724?
4
What is the units digit of 65?
5
What is the hundreds digit of 16927?
9
What is the hundreds digit of 1226?
2
What is the thousands digit of 1018?
1
What is the ten thousands 